{"id":5297,"date":"2026-02-11T06:27:32","date_gmt":"2026-02-11T06:27:32","guid":{"rendered":"https:\/\/www.vrzukac.sk\/shop\/?post_type=product&#038;p=5297"},"modified":"2026-04-01T09:47:00","modified_gmt":"2026-04-01T09:47:00","slug":"siska-s-ovocnym-dzemom","status":"publish","type":"product","link":"https:\/\/www.vrzukac.sk\/shop\/produkt\/siska-s-ovocnym-dzemom\/","title":{"rendered":"\u0160i\u0161ka s ovocn\u00fdm d\u017eemom"},"content":{"rendered":"Zlo\u017eenie: p\u0161eni\u010dn\u00e1 m\u00faka, cukor, p\u0161eni\u010dn\u00fd kv\u00e1sok, mlieko, maslo, vajce, so\u013e, ovocn\u00fd d\u017eem","protected":false},"excerpt":{"rendered":"Hmotnos\u0165: 100g\r\n\r\nAlerg\u00e9ny: 1, 3, 7","protected":false},"featured_media":5306,"comment_status":"closed","ping_status":"closed","template":"","meta":[],"product_cat":[186],"product_tag":[],"_links":{"self":[{"href":"https:\/\/www.vrzukac.sk\/shop\/wp-json\/wp\/v2\/product\/5297"}],"collection":[{"href":"https:\/\/www.vrzukac.sk\/shop\/wp-json\/wp\/v2\/product"}],"about":[{"href":"https:\/\/www.vrzukac.sk\/shop\/wp-json\/wp\/v2\/types\/product"}],"replies":[{"embeddable":true,"href":"https:\/\/www.vrzukac.sk\/shop\/wp-json\/wp\/v2\/comments?post=5297"}],"wp:featuredmedia":[{"embeddable":true,"href":"https:\/\/www.vrzukac.sk\/shop\/wp-json\/wp\/v2\/media\/5306"}],"wp:attachment":[{"href":"https:\/\/www.vrzukac.sk\/shop\/wp-json\/wp\/v2\/media?parent=5297"}],"wp:term":[{"taxonomy":"product_cat","embeddable":true,"href":"https:\/\/www.vrzukac.sk\/shop\/wp-json\/wp\/v2\/product_cat?post=5297"},{"taxonomy":"product_tag","embeddable":true,"href":"https:\/\/www.vrzukac.sk\/shop\/wp-json\/wp\/v2\/product_tag?post=5297"}],"curies":[{"name":"wp","href":"https:\/\/api.w.org\/{rel}","templated":true}]}}