{"id":5264,"date":"2026-01-29T11:54:12","date_gmt":"2026-01-29T11:54:12","guid":{"rendered":"https:\/\/www.vrzukac.sk\/shop\/?post_type=product&#038;p=5264"},"modified":"2026-03-31T10:19:22","modified_gmt":"2026-03-31T10:19:22","slug":"zemlova-knedla","status":"publish","type":"product","link":"https:\/\/www.vrzukac.sk\/shop\/produkt\/zemlova-knedla\/","title":{"rendered":"\u017dem\u013eov\u00e1 kned\u013ea"},"content":{"rendered":"Zlo\u017eenie: kv\u00e1skov\u00fd chlieb, mlieko, vajce, so\u013e, korenie, petr\u017elen, mu\u0161k\u00e1tov\u00fd orie\u0161ok","protected":false},"excerpt":{"rendered":"Hmotnos\u0165: 450g\r\n\r\nAlerg\u00e9ny: 1,3,7","protected":false},"featured_media":5265,"comment_status":"closed","ping_status":"closed","template":"","meta":[],"product_cat":[188,185],"product_tag":[],"_links":{"self":[{"href":"https:\/\/www.vrzukac.sk\/shop\/wp-json\/wp\/v2\/product\/5264"}],"collection":[{"href":"https:\/\/www.vrzukac.sk\/shop\/wp-json\/wp\/v2\/product"}],"about":[{"href":"https:\/\/www.vrzukac.sk\/shop\/wp-json\/wp\/v2\/types\/product"}],"replies":[{"embeddable":true,"href":"https:\/\/www.vrzukac.sk\/shop\/wp-json\/wp\/v2\/comments?post=5264"}],"wp:featuredmedia":[{"embeddable":true,"href":"https:\/\/www.vrzukac.sk\/shop\/wp-json\/wp\/v2\/media\/5265"}],"wp:attachment":[{"href":"https:\/\/www.vrzukac.sk\/shop\/wp-json\/wp\/v2\/media?parent=5264"}],"wp:term":[{"taxonomy":"product_cat","embeddable":true,"href":"https:\/\/www.vrzukac.sk\/shop\/wp-json\/wp\/v2\/product_cat?post=5264"},{"taxonomy":"product_tag","embeddable":true,"href":"https:\/\/www.vrzukac.sk\/shop\/wp-json\/wp\/v2\/product_tag?post=5264"}],"curies":[{"name":"wp","href":"https:\/\/api.w.org\/{rel}","templated":true}]}}