{"id":4884,"date":"2025-06-20T06:01:04","date_gmt":"2025-06-20T06:01:04","guid":{"rendered":"https:\/\/www.vrzukac.sk\/shop\/?post_type=product&#038;p=4884"},"modified":"2026-03-27T15:01:48","modified_gmt":"2026-03-27T15:01:48","slug":"caesar-sendvic","status":"publish","type":"product","link":"https:\/\/www.vrzukac.sk\/shop\/produkt\/caesar-sendvic\/","title":{"rendered":"Hov\u00e4dz\u00ed sendvi\u010d"},"content":{"rendered":"Zlo\u017eenie: kv\u00e1skov\u00fd chlieb, majon\u00e9za, ke\u010dup, hor\u010dica, hrubozrn\u00e1 hor\u010dica, hov\u00e4dzia \u0161unka, ement\u00e1l, nakladan\u00e1 uhorka, \u0161al\u00e1t","protected":false},"excerpt":{"rendered":"Hmotnos\u0165: 180g\r\n\r\nAlerg\u00e9ny: 1,3,7,10","protected":false},"featured_media":5468,"comment_status":"closed","ping_status":"closed","template":"","meta":[],"product_cat":[185],"product_tag":[],"_links":{"self":[{"href":"https:\/\/www.vrzukac.sk\/shop\/wp-json\/wp\/v2\/product\/4884"}],"collection":[{"href":"https:\/\/www.vrzukac.sk\/shop\/wp-json\/wp\/v2\/product"}],"about":[{"href":"https:\/\/www.vrzukac.sk\/shop\/wp-json\/wp\/v2\/types\/product"}],"replies":[{"embeddable":true,"href":"https:\/\/www.vrzukac.sk\/shop\/wp-json\/wp\/v2\/comments?post=4884"}],"wp:featuredmedia":[{"embeddable":true,"href":"https:\/\/www.vrzukac.sk\/shop\/wp-json\/wp\/v2\/media\/5468"}],"wp:attachment":[{"href":"https:\/\/www.vrzukac.sk\/shop\/wp-json\/wp\/v2\/media?parent=4884"}],"wp:term":[{"taxonomy":"product_cat","embeddable":true,"href":"https:\/\/www.vrzukac.sk\/shop\/wp-json\/wp\/v2\/product_cat?post=4884"},{"taxonomy":"product_tag","embeddable":true,"href":"https:\/\/www.vrzukac.sk\/shop\/wp-json\/wp\/v2\/product_tag?post=4884"}],"curies":[{"name":"wp","href":"https:\/\/api.w.org\/{rel}","templated":true}]}}