{"id":4882,"date":"2025-06-20T05:12:56","date_gmt":"2025-06-20T05:12:56","guid":{"rendered":"https:\/\/www.vrzukac.sk\/shop\/?post_type=product&#038;p=4882"},"modified":"2026-01-09T13:56:20","modified_gmt":"2026-01-09T13:56:20","slug":"kvaskova-spaldova-struhanka","status":"publish","type":"product","link":"https:\/\/www.vrzukac.sk\/shop\/produkt\/kvaskova-spaldova-struhanka\/","title":{"rendered":"Kv\u00e1skov\u00e1 \u0161paldov\u00e1 str\u00fahanka"},"content":{"rendered":"Zlo\u017eenie: ra\u017en\u00fd kv\u00e1sok, \u0161paldov\u00e1 m\u00faka, so\u013e, voda","protected":false},"excerpt":{"rendered":"Hmotnos\u0165: 500g\r\n\r\nAlerg\u00e9ny: 1","protected":false},"featured_media":4886,"comment_status":"closed","ping_status":"closed","template":"","meta":[],"product_cat":[216],"product_tag":[],"_links":{"self":[{"href":"https:\/\/www.vrzukac.sk\/shop\/wp-json\/wp\/v2\/product\/4882"}],"collection":[{"href":"https:\/\/www.vrzukac.sk\/shop\/wp-json\/wp\/v2\/product"}],"about":[{"href":"https:\/\/www.vrzukac.sk\/shop\/wp-json\/wp\/v2\/types\/product"}],"replies":[{"embeddable":true,"href":"https:\/\/www.vrzukac.sk\/shop\/wp-json\/wp\/v2\/comments?post=4882"}],"wp:featuredmedia":[{"embeddable":true,"href":"https:\/\/www.vrzukac.sk\/shop\/wp-json\/wp\/v2\/media\/4886"}],"wp:attachment":[{"href":"https:\/\/www.vrzukac.sk\/shop\/wp-json\/wp\/v2\/media?parent=4882"}],"wp:term":[{"taxonomy":"product_cat","embeddable":true,"href":"https:\/\/www.vrzukac.sk\/shop\/wp-json\/wp\/v2\/product_cat?post=4882"},{"taxonomy":"product_tag","embeddable":true,"href":"https:\/\/www.vrzukac.sk\/shop\/wp-json\/wp\/v2\/product_tag?post=4882"}],"curies":[{"name":"wp","href":"https:\/\/api.w.org\/{rel}","templated":true}]}}