{"id":4880,"date":"2025-06-20T05:35:19","date_gmt":"2025-06-20T05:35:19","guid":{"rendered":"https:\/\/www.vrzukac.sk\/shop\/?post_type=product&#038;p=4880"},"modified":"2026-01-09T13:57:13","modified_gmt":"2026-01-09T13:57:13","slug":"bejk-rolls","status":"publish","type":"product","link":"https:\/\/www.vrzukac.sk\/shop\/produkt\/bejk-rolls\/","title":{"rendered":"Bejk rolls"},"content":{"rendered":"Zlo\u017eenie: p\u0161eni\u010dn\u00fd kv\u00e1sok, p\u0161eni\u010dn\u00e1 m\u00faka, semol\u00ednov\u00e1 m\u00faka, cesnak, \u00faden\u00e1 paprika, paprika sladk\u00e1, so\u013e, korenie","protected":false},"excerpt":{"rendered":"Hmotnos\u0165: 120g\r\n\r\nAlerg\u00e9ny: 1","protected":false},"featured_media":4889,"comment_status":"closed","ping_status":"closed","template":"","meta":[],"product_cat":[216],"product_tag":[],"_links":{"self":[{"href":"https:\/\/www.vrzukac.sk\/shop\/wp-json\/wp\/v2\/product\/4880"}],"collection":[{"href":"https:\/\/www.vrzukac.sk\/shop\/wp-json\/wp\/v2\/product"}],"about":[{"href":"https:\/\/www.vrzukac.sk\/shop\/wp-json\/wp\/v2\/types\/product"}],"replies":[{"embeddable":true,"href":"https:\/\/www.vrzukac.sk\/shop\/wp-json\/wp\/v2\/comments?post=4880"}],"wp:featuredmedia":[{"embeddable":true,"href":"https:\/\/www.vrzukac.sk\/shop\/wp-json\/wp\/v2\/media\/4889"}],"wp:attachment":[{"href":"https:\/\/www.vrzukac.sk\/shop\/wp-json\/wp\/v2\/media?parent=4880"}],"wp:term":[{"taxonomy":"product_cat","embeddable":true,"href":"https:\/\/www.vrzukac.sk\/shop\/wp-json\/wp\/v2\/product_cat?post=4880"},{"taxonomy":"product_tag","embeddable":true,"href":"https:\/\/www.vrzukac.sk\/shop\/wp-json\/wp\/v2\/product_tag?post=4880"}],"curies":[{"name":"wp","href":"https:\/\/api.w.org\/{rel}","templated":true}]}}