{"id":4878,"date":"2025-06-20T05:58:58","date_gmt":"2025-06-20T05:58:58","guid":{"rendered":"https:\/\/www.vrzukac.sk\/shop\/?post_type=product&#038;p=4878"},"modified":"2026-01-09T10:48:27","modified_gmt":"2026-01-09T10:48:27","slug":"sendvic-blt","status":"publish","type":"product","link":"https:\/\/www.vrzukac.sk\/shop\/produkt\/sendvic-blt\/","title":{"rendered":"Sendvi\u010d BLT"},"content":{"rendered":"Zlo\u017eenie: kv\u00e1skov\u00fd chlieb, majon\u00e9za, slanina, paradajka, \u0161al\u00e1t","protected":false},"excerpt":{"rendered":"Hmotnos\u0165: 180g\r\n\r\nAlerg\u00e9ny: 1,3","protected":false},"featured_media":0,"comment_status":"closed","ping_status":"closed","template":"","meta":[],"product_cat":[185],"product_tag":[],"_links":{"self":[{"href":"https:\/\/www.vrzukac.sk\/shop\/wp-json\/wp\/v2\/product\/4878"}],"collection":[{"href":"https:\/\/www.vrzukac.sk\/shop\/wp-json\/wp\/v2\/product"}],"about":[{"href":"https:\/\/www.vrzukac.sk\/shop\/wp-json\/wp\/v2\/types\/product"}],"replies":[{"embeddable":true,"href":"https:\/\/www.vrzukac.sk\/shop\/wp-json\/wp\/v2\/comments?post=4878"}],"wp:attachment":[{"href":"https:\/\/www.vrzukac.sk\/shop\/wp-json\/wp\/v2\/media?parent=4878"}],"wp:term":[{"taxonomy":"product_cat","embeddable":true,"href":"https:\/\/www.vrzukac.sk\/shop\/wp-json\/wp\/v2\/product_cat?post=4878"},{"taxonomy":"product_tag","embeddable":true,"href":"https:\/\/www.vrzukac.sk\/shop\/wp-json\/wp\/v2\/product_tag?post=4878"}],"curies":[{"name":"wp","href":"https:\/\/api.w.org\/{rel}","templated":true}]}}