{"id":4627,"date":"2025-02-04T12:52:26","date_gmt":"2025-02-04T12:52:26","guid":{"rendered":"https:\/\/www.vrzukac.sk\/shop\/?post_type=product&#038;p=4627"},"modified":"2026-02-02T12:01:34","modified_gmt":"2026-02-02T12:01:34","slug":"brioche","status":"publish","type":"product","link":"https:\/\/www.vrzukac.sk\/shop\/produkt\/brioche\/","title":{"rendered":"Brioche"},"content":{"rendered":"Zlo\u017eenie : p\u0161eni\u010dn\u00e1 m\u00faka, p\u0161eni\u010dn\u00fd kv\u00e1sok, mlieko, maslo, cukor, so\u013e, hrozienka, vajcia\r\n\r\n&nbsp;","protected":false},"excerpt":{"rendered":"Hmotnos\u0165: 440g\r\n\r\nAlerg\u00e9ny: 1,3,7","protected":false},"featured_media":4859,"comment_status":"closed","ping_status":"closed","template":"","meta":[],"product_cat":[188,186],"product_tag":[],"_links":{"self":[{"href":"https:\/\/www.vrzukac.sk\/shop\/wp-json\/wp\/v2\/product\/4627"}],"collection":[{"href":"https:\/\/www.vrzukac.sk\/shop\/wp-json\/wp\/v2\/product"}],"about":[{"href":"https:\/\/www.vrzukac.sk\/shop\/wp-json\/wp\/v2\/types\/product"}],"replies":[{"embeddable":true,"href":"https:\/\/www.vrzukac.sk\/shop\/wp-json\/wp\/v2\/comments?post=4627"}],"wp:featuredmedia":[{"embeddable":true,"href":"https:\/\/www.vrzukac.sk\/shop\/wp-json\/wp\/v2\/media\/4859"}],"wp:attachment":[{"href":"https:\/\/www.vrzukac.sk\/shop\/wp-json\/wp\/v2\/media?parent=4627"}],"wp:term":[{"taxonomy":"product_cat","embeddable":true,"href":"https:\/\/www.vrzukac.sk\/shop\/wp-json\/wp\/v2\/product_cat?post=4627"},{"taxonomy":"product_tag","embeddable":true,"href":"https:\/\/www.vrzukac.sk\/shop\/wp-json\/wp\/v2\/product_tag?post=4627"}],"curies":[{"name":"wp","href":"https:\/\/api.w.org\/{rel}","templated":true}]}}