{"id":4617,"date":"2025-02-04T12:51:17","date_gmt":"2025-02-04T12:51:17","guid":{"rendered":"https:\/\/www.vrzukac.sk\/shop\/?post_type=product&#038;p=4617"},"modified":"2026-03-31T08:27:27","modified_gmt":"2026-03-31T08:27:27","slug":"tapiokovy-puding","status":"publish","type":"product","link":"https:\/\/www.vrzukac.sk\/shop\/produkt\/tapiokovy-puding\/","title":{"rendered":"Tapiokov\u00fd puding"},"content":{"rendered":"Zlo\u017eenie: tapioka, kokosov\u00e9 mlieko, limetka, malinov\u00e9 pyr\u00e9","protected":false},"excerpt":{"rendered":"Hmotnos\u0165: 120g\r\n\r\nBez alerg\u00e9nu","protected":false},"featured_media":0,"comment_status":"closed","ping_status":"closed","template":"","meta":[],"product_cat":[],"product_tag":[],"_links":{"self":[{"href":"https:\/\/www.vrzukac.sk\/shop\/wp-json\/wp\/v2\/product\/4617"}],"collection":[{"href":"https:\/\/www.vrzukac.sk\/shop\/wp-json\/wp\/v2\/product"}],"about":[{"href":"https:\/\/www.vrzukac.sk\/shop\/wp-json\/wp\/v2\/types\/product"}],"replies":[{"embeddable":true,"href":"https:\/\/www.vrzukac.sk\/shop\/wp-json\/wp\/v2\/comments?post=4617"}],"wp:attachment":[{"href":"https:\/\/www.vrzukac.sk\/shop\/wp-json\/wp\/v2\/media?parent=4617"}],"wp:term":[{"taxonomy":"product_cat","embeddable":true,"href":"https:\/\/www.vrzukac.sk\/shop\/wp-json\/wp\/v2\/product_cat?post=4617"},{"taxonomy":"product_tag","embeddable":true,"href":"https:\/\/www.vrzukac.sk\/shop\/wp-json\/wp\/v2\/product_tag?post=4617"}],"curies":[{"name":"wp","href":"https:\/\/api.w.org\/{rel}","templated":true}]}}