{"id":4104,"date":"2023-01-19T16:05:46","date_gmt":"2023-01-19T16:05:46","guid":{"rendered":"https:\/\/www.vrzukac.sk\/shop\/?post_type=product&#038;p=4104"},"modified":"2026-01-09T11:09:51","modified_gmt":"2026-01-09T11:09:51","slug":"sendvic-s-proscuittom","status":"publish","type":"product","link":"https:\/\/www.vrzukac.sk\/shop\/produkt\/sendvic-s-proscuittom\/","title":{"rendered":"Sendvi\u010d s proscuittom"},"content":{"rendered":"Zlo\u017eenie: kv\u00e1skov\u00fd chlieb, bazalkov\u00e1 majon\u00e9za, prosciutto, mozzarela, rukola.","protected":false},"excerpt":{"rendered":"Hmotnos\u0165: 180g\r\n\r\nAlerg\u00e9ny: 1,3,7","protected":false},"featured_media":4605,"comment_status":"closed","ping_status":"closed","template":"","meta":[],"product_cat":[185],"product_tag":[],"_links":{"self":[{"href":"https:\/\/www.vrzukac.sk\/shop\/wp-json\/wp\/v2\/product\/4104"}],"collection":[{"href":"https:\/\/www.vrzukac.sk\/shop\/wp-json\/wp\/v2\/product"}],"about":[{"href":"https:\/\/www.vrzukac.sk\/shop\/wp-json\/wp\/v2\/types\/product"}],"replies":[{"embeddable":true,"href":"https:\/\/www.vrzukac.sk\/shop\/wp-json\/wp\/v2\/comments?post=4104"}],"wp:featuredmedia":[{"embeddable":true,"href":"https:\/\/www.vrzukac.sk\/shop\/wp-json\/wp\/v2\/media\/4605"}],"wp:attachment":[{"href":"https:\/\/www.vrzukac.sk\/shop\/wp-json\/wp\/v2\/media?parent=4104"}],"wp:term":[{"taxonomy":"product_cat","embeddable":true,"href":"https:\/\/www.vrzukac.sk\/shop\/wp-json\/wp\/v2\/product_cat?post=4104"},{"taxonomy":"product_tag","embeddable":true,"href":"https:\/\/www.vrzukac.sk\/shop\/wp-json\/wp\/v2\/product_tag?post=4104"}],"curies":[{"name":"wp","href":"https:\/\/api.w.org\/{rel}","templated":true}]}}