{"id":3852,"date":"2022-04-06T14:07:38","date_gmt":"2022-04-06T14:07:38","guid":{"rendered":"https:\/\/www.vrzukac.sk\/shop\/?post_type=product&#038;p=3852"},"modified":"2026-01-09T11:41:10","modified_gmt":"2026-01-09T11:41:10","slug":"caprese-chlebicek","status":"publish","type":"product","link":"https:\/\/www.vrzukac.sk\/shop\/produkt\/caprese-chlebicek\/","title":{"rendered":"Caprese chleb\u00ed\u010dek"},"content":{"rendered":"Zlo\u017eenie: tous\u0165\u00e1k, bazalka, oliv. olej, mozzarella, paradajka, so\u013e, \u010dierne korenie","protected":false},"excerpt":{"rendered":"Hmotnos\u0165: 80g\r\n\r\nAlerg\u00e9ny: 1,7","protected":false},"featured_media":4697,"comment_status":"closed","ping_status":"closed","template":"","meta":[],"product_cat":[185],"product_tag":[],"_links":{"self":[{"href":"https:\/\/www.vrzukac.sk\/shop\/wp-json\/wp\/v2\/product\/3852"}],"collection":[{"href":"https:\/\/www.vrzukac.sk\/shop\/wp-json\/wp\/v2\/product"}],"about":[{"href":"https:\/\/www.vrzukac.sk\/shop\/wp-json\/wp\/v2\/types\/product"}],"replies":[{"embeddable":true,"href":"https:\/\/www.vrzukac.sk\/shop\/wp-json\/wp\/v2\/comments?post=3852"}],"wp:featuredmedia":[{"embeddable":true,"href":"https:\/\/www.vrzukac.sk\/shop\/wp-json\/wp\/v2\/media\/4697"}],"wp:attachment":[{"href":"https:\/\/www.vrzukac.sk\/shop\/wp-json\/wp\/v2\/media?parent=3852"}],"wp:term":[{"taxonomy":"product_cat","embeddable":true,"href":"https:\/\/www.vrzukac.sk\/shop\/wp-json\/wp\/v2\/product_cat?post=3852"},{"taxonomy":"product_tag","embeddable":true,"href":"https:\/\/www.vrzukac.sk\/shop\/wp-json\/wp\/v2\/product_tag?post=3852"}],"curies":[{"name":"wp","href":"https:\/\/api.w.org\/{rel}","templated":true}]}}