{"id":3844,"date":"2022-04-06T14:02:06","date_gmt":"2022-04-06T14:02:06","guid":{"rendered":"https:\/\/www.vrzukac.sk\/shop\/?post_type=product&#038;p=3844"},"modified":"2026-01-09T11:50:09","modified_gmt":"2026-01-09T11:50:09","slug":"chlebik-s-udenym-lososom","status":"publish","type":"product","link":"https:\/\/www.vrzukac.sk\/shop\/produkt\/chlebik-s-udenym-lososom\/","title":{"rendered":"Chleb\u00edk s \u00faden\u00fdm lososom"},"content":{"rendered":"Zlo\u017eenie: ra\u017en\u00e1 kocka, cream cheese, so\u013e, \u010dierne korenie, citr\u00f3n, pa\u017e\u00edtka, \u00faden\u00fd losos","protected":false},"excerpt":{"rendered":"Hmotnos\u0165: 80g\r\n\r\nAlerg\u00e9ny: 1,4,7","protected":false},"featured_media":4704,"comment_status":"closed","ping_status":"closed","template":"","meta":[],"product_cat":[185],"product_tag":[],"_links":{"self":[{"href":"https:\/\/www.vrzukac.sk\/shop\/wp-json\/wp\/v2\/product\/3844"}],"collection":[{"href":"https:\/\/www.vrzukac.sk\/shop\/wp-json\/wp\/v2\/product"}],"about":[{"href":"https:\/\/www.vrzukac.sk\/shop\/wp-json\/wp\/v2\/types\/product"}],"replies":[{"embeddable":true,"href":"https:\/\/www.vrzukac.sk\/shop\/wp-json\/wp\/v2\/comments?post=3844"}],"wp:featuredmedia":[{"embeddable":true,"href":"https:\/\/www.vrzukac.sk\/shop\/wp-json\/wp\/v2\/media\/4704"}],"wp:attachment":[{"href":"https:\/\/www.vrzukac.sk\/shop\/wp-json\/wp\/v2\/media?parent=3844"}],"wp:term":[{"taxonomy":"product_cat","embeddable":true,"href":"https:\/\/www.vrzukac.sk\/shop\/wp-json\/wp\/v2\/product_cat?post=3844"},{"taxonomy":"product_tag","embeddable":true,"href":"https:\/\/www.vrzukac.sk\/shop\/wp-json\/wp\/v2\/product_tag?post=3844"}],"curies":[{"name":"wp","href":"https:\/\/api.w.org\/{rel}","templated":true}]}}